{"id":190,"date":"2020-03-16T08:36:30","date_gmt":"2020-03-16T07:36:30","guid":{"rendered":"http:\/\/beckerstools.com\/?page_id=190"},"modified":"2020-03-17T11:38:45","modified_gmt":"2020-03-17T10:38:45","slug":"disque-a-meuler-et-a-tronconner-toutes-dimensions-petites-et-grandes-quantite-sur-demande","status":"publish","type":"page","link":"https:\/\/beckerstools.com\/index.php\/disque-a-meuler-et-a-tronconner-toutes-dimensions-petites-et-grandes-quantite-sur-demande\/","title":{"rendered":"Disque \u00e0 meuler et \u00e0 tron\u00e7onner toutes dimensions petites et grandes quantit\u00e9s sur demande"},"content":{"rendered":"\n<figure class=\"wp-block-image size-large\"><img loading=\"lazy\" decoding=\"async\" width=\"580\" height=\"310\" src=\"https:\/\/beckerstools.com\/wp-content\/uploads\/2020\/03\/rhodius-vision-1.jpg\" alt=\"\" class=\"wp-image-192\" srcset=\"https:\/\/beckerstools.com\/wp-content\/uploads\/2020\/03\/rhodius-vision-1.jpg 580w, https:\/\/beckerstools.com\/wp-content\/uploads\/2020\/03\/rhodius-vision-1-300x160.jpg 300w\" sizes=\"auto, (max-width: 580px) 100vw, 580px\" \/><\/figure>\n\n\n\n<figure class=\"wp-block-image size-large\"><img loading=\"lazy\" decoding=\"async\" width=\"721\" height=\"1024\" src=\"https:\/\/beckerstools.com\/wp-content\/uploads\/2020\/03\/IMG_20200317_0001-721x1024.jpg\" alt=\"\" class=\"wp-image-209\" srcset=\"https:\/\/beckerstools.com\/wp-content\/uploads\/2020\/03\/IMG_20200317_0001-721x1024.jpg 721w, https:\/\/beckerstools.com\/wp-content\/uploads\/2020\/03\/IMG_20200317_0001-211x300.jpg 211w, https:\/\/beckerstools.com\/wp-content\/uploads\/2020\/03\/IMG_20200317_0001-768x1091.jpg 768w, https:\/\/beckerstools.com\/wp-content\/uploads\/2020\/03\/IMG_20200317_0001-1082x1536.jpg 1082w, https:\/\/beckerstools.com\/wp-content\/uploads\/2020\/03\/IMG_20200317_0001-1442x2048.jpg 1442w, https:\/\/beckerstools.com\/wp-content\/uploads\/2020\/03\/IMG_20200317_0001-scaled.jpg 1803w\" sizes=\"auto, (max-width: 721px) 100vw, 721px\" \/><figcaption>Distributeur des produits RHODIUS sur Bruxelles  Catalogue sur demande <\/figcaption><\/figure>\n","protected":false},"excerpt":{"rendered":"","protected":false},"author":5,"featured_media":0,"parent":0,"menu_order":0,"comment_status":"closed","ping_status":"closed","template":"","meta":{"footnotes":""},"class_list":["post-190","page","type-page","status-publish","hentry"],"_links":{"self":[{"href":"https:\/\/beckerstools.com\/index.php\/wp-json\/wp\/v2\/pages\/190","targetHints":{"allow":["GET"]}}],"collection":[{"href":"https:\/\/beckerstools.com\/index.php\/wp-json\/wp\/v2\/pages"}],"about":[{"href":"https:\/\/beckerstools.com\/index.php\/wp-json\/wp\/v2\/types\/page"}],"author":[{"embeddable":true,"href":"https:\/\/beckerstools.com\/index.php\/wp-json\/wp\/v2\/users\/5"}],"replies":[{"embeddable":true,"href":"https:\/\/beckerstools.com\/index.php\/wp-json\/wp\/v2\/comments?post=190"}],"version-history":[{"count":3,"href":"https:\/\/beckerstools.com\/index.php\/wp-json\/wp\/v2\/pages\/190\/revisions"}],"predecessor-version":[{"id":211,"href":"https:\/\/beckerstools.com\/index.php\/wp-json\/wp\/v2\/pages\/190\/revisions\/211"}],"wp:attachment":[{"href":"https:\/\/beckerstools.com\/index.php\/wp-json\/wp\/v2\/media?parent=190"}],"curies":[{"name":"wp","href":"https:\/\/api.w.org\/{rel}","templated":true}]}}