{"id":372,"date":"2020-11-17T08:46:54","date_gmt":"2020-11-17T07:46:54","guid":{"rendered":"http:\/\/beckerstools.com\/?page_id=372"},"modified":"2021-05-18T15:23:25","modified_gmt":"2021-05-18T13:23:25","slug":"fabrication-sur-mesure-et-avec-vos-qualites-de-meules-avec-ou-sans-embrevements","status":"publish","type":"page","link":"https:\/\/beckerstools.com\/index.php\/fabrication-sur-mesure-et-avec-vos-qualites-de-meules-avec-ou-sans-embrevements\/","title":{"rendered":"Fabrication sur mesures et avec vos qualit\u00e9s, de meules Vitrifi\u00e9es ou Resin Bonded avec ou sans embr\u00e8vements, meules profil\u00e9es, gear grinding,bearing wheel grinding &#8220;Ice Spring &#8221; grinding wheel etc&#8230;"},"content":{"rendered":"\n<p>Fabrication Europ\u00e9enne<\/p>\n\n\n\n<figure class=\"wp-block-image size-large\"><img loading=\"lazy\" decoding=\"async\" width=\"576\" height=\"1024\" src=\"https:\/\/beckerstools.com\/wp-content\/uploads\/2020\/11\/20201111_100653-576x1024.jpg\" alt=\"\" class=\"wp-image-373\" srcset=\"https:\/\/beckerstools.com\/wp-content\/uploads\/2020\/11\/20201111_100653-576x1024.jpg 576w, https:\/\/beckerstools.com\/wp-content\/uploads\/2020\/11\/20201111_100653-169x300.jpg 169w, https:\/\/beckerstools.com\/wp-content\/uploads\/2020\/11\/20201111_100653-768x1365.jpg 768w, https:\/\/beckerstools.com\/wp-content\/uploads\/2020\/11\/20201111_100653-864x1536.jpg 864w, https:\/\/beckerstools.com\/wp-content\/uploads\/2020\/11\/20201111_100653-1152x2048.jpg 1152w, https:\/\/beckerstools.com\/wp-content\/uploads\/2020\/11\/20201111_100653-scaled.jpg 1440w\" sizes=\"auto, (max-width: 576px) 100vw, 576px\" \/><\/figure>\n\n\n\n<figure class=\"wp-block-image size-large\"><img loading=\"lazy\" decoding=\"async\" width=\"576\" height=\"1024\" src=\"https:\/\/beckerstools.com\/wp-content\/uploads\/2020\/11\/20201111_100636-576x1024.jpg\" alt=\"\" class=\"wp-image-374\" srcset=\"https:\/\/beckerstools.com\/wp-content\/uploads\/2020\/11\/20201111_100636-576x1024.jpg 576w, https:\/\/beckerstools.com\/wp-content\/uploads\/2020\/11\/20201111_100636-169x300.jpg 169w, https:\/\/beckerstools.com\/wp-content\/uploads\/2020\/11\/20201111_100636-768x1365.jpg 768w, https:\/\/beckerstools.com\/wp-content\/uploads\/2020\/11\/20201111_100636-864x1536.jpg 864w, https:\/\/beckerstools.com\/wp-content\/uploads\/2020\/11\/20201111_100636-1152x2048.jpg 1152w, https:\/\/beckerstools.com\/wp-content\/uploads\/2020\/11\/20201111_100636-scaled.jpg 1440w\" sizes=\"auto, (max-width: 576px) 100vw, 576px\" \/><\/figure>\n\n\n\n<div class=\"wp-block-cover has-background-dim\"><img loading=\"lazy\" decoding=\"async\" width=\"1024\" height=\"907\" class=\"wp-block-cover__image-background wp-image-409\" alt=\"\" src=\"https:\/\/beckerstools.com\/wp-content\/uploads\/2021\/05\/186541751_2204892872981366_360424726659741110_n-1024x907.jpg\" data-object-fit=\"cover\" srcset=\"https:\/\/beckerstools.com\/wp-content\/uploads\/2021\/05\/186541751_2204892872981366_360424726659741110_n-1024x907.jpg 1024w, https:\/\/beckerstools.com\/wp-content\/uploads\/2021\/05\/186541751_2204892872981366_360424726659741110_n-300x266.jpg 300w, https:\/\/beckerstools.com\/wp-content\/uploads\/2021\/05\/186541751_2204892872981366_360424726659741110_n-768x681.jpg 768w, https:\/\/beckerstools.com\/wp-content\/uploads\/2021\/05\/186541751_2204892872981366_360424726659741110_n.jpg 1440w\" sizes=\"auto, (max-width: 767px) 89vw, (max-width: 1000px) 54vw, (max-width: 1071px) 543px, 580px\" \/><div class=\"wp-block-cover__inner-container is-layout-flow wp-block-cover-is-layout-flow\">\n<p class=\"has-large-font-size\"><\/p>\n<\/div><\/div>\n\n\n\n<p>Meule Type 1 de 630 mm<\/p>\n\n\n\n<p>Meule bi-couches<\/p>\n\n\n\n<p><\/p>\n\n\n\n<figure class=\"wp-block-gallery columns-1 is-cropped wp-block-gallery-1 is-layout-flex wp-block-gallery-is-layout-flex\"><ul class=\"blocks-gallery-grid\"><li class=\"blocks-gallery-item\"><figure><img loading=\"lazy\" decoding=\"async\" width=\"960\" height=\"528\" src=\"https:\/\/beckerstools.com\/wp-content\/uploads\/2021\/05\/186508496_2204891722981481_3689386583401654819_n.jpg\" alt=\"\" data-id=\"413\" data-full-url=\"https:\/\/beckerstools.com\/wp-content\/uploads\/2021\/05\/186508496_2204891722981481_3689386583401654819_n.jpg\" data-link=\"https:\/\/beckerstools.com\/index.php\/fabrication-sur-mesure-et-avec-vos-qualites-de-meules-avec-ou-sans-embrevements\/186508496_2204891722981481_3689386583401654819_n\/\" class=\"wp-image-413\" srcset=\"https:\/\/beckerstools.com\/wp-content\/uploads\/2021\/05\/186508496_2204891722981481_3689386583401654819_n.jpg 960w, https:\/\/beckerstools.com\/wp-content\/uploads\/2021\/05\/186508496_2204891722981481_3689386583401654819_n-300x165.jpg 300w, https:\/\/beckerstools.com\/wp-content\/uploads\/2021\/05\/186508496_2204891722981481_3689386583401654819_n-768x422.jpg 768w\" sizes=\"auto, (max-width: 767px) 89vw, (max-width: 1000px) 54vw, (max-width: 1071px) 543px, 580px\" \/><\/figure><\/li><\/ul><\/figure>\n","protected":false},"excerpt":{"rendered":"<p>Fabrication Europ\u00e9enne Meule Type 1 de 630 mm Meule bi-couches<\/p>\n","protected":false},"author":5,"featured_media":0,"parent":0,"menu_order":0,"comment_status":"closed","ping_status":"closed","template":"","meta":{"footnotes":""},"class_list":["post-372","page","type-page","status-publish","hentry"],"_links":{"self":[{"href":"https:\/\/beckerstools.com\/index.php\/wp-json\/wp\/v2\/pages\/372","targetHints":{"allow":["GET"]}}],"collection":[{"href":"https:\/\/beckerstools.com\/index.php\/wp-json\/wp\/v2\/pages"}],"about":[{"href":"https:\/\/beckerstools.com\/index.php\/wp-json\/wp\/v2\/types\/page"}],"author":[{"embeddable":true,"href":"https:\/\/beckerstools.com\/index.php\/wp-json\/wp\/v2\/users\/5"}],"replies":[{"embeddable":true,"href":"https:\/\/beckerstools.com\/index.php\/wp-json\/wp\/v2\/comments?post=372"}],"version-history":[{"count":6,"href":"https:\/\/beckerstools.com\/index.php\/wp-json\/wp\/v2\/pages\/372\/revisions"}],"predecessor-version":[{"id":414,"href":"https:\/\/beckerstools.com\/index.php\/wp-json\/wp\/v2\/pages\/372\/revisions\/414"}],"wp:attachment":[{"href":"https:\/\/beckerstools.com\/index.php\/wp-json\/wp\/v2\/media?parent=372"}],"curies":[{"name":"wp","href":"https:\/\/api.w.org\/{rel}","templated":true}]}}