{"id":9,"date":"2019-11-16T06:26:15","date_gmt":"2019-11-16T05:26:15","guid":{"rendered":"http:\/\/beckerstools.com\/?page_id=9"},"modified":"2021-04-28T19:47:33","modified_gmt":"2021-04-28T17:47:33","slug":"a-propos-de","status":"publish","type":"page","link":"https:\/\/beckerstools.com\/index.php\/a-propos-de\/","title":{"rendered":"\u00c0 propos de"},"content":{"rendered":"\n<p><\/p>\n\n\n\n<p>BeckersTools est une enseigne commerciale de la  SA Beckers qui existe depuis 1969 et est active dans les services et l&#8217;outillage pour l&#8217;industrie. Sp\u00e9cialis\u00e9e en produits abrasifs sur tous supports ,de toutes dimensions et qualit\u00e9s : meulage , tron\u00e7onnage , meules de  rectifications de  la plus petite \u00e0 la plus grande taille et jusqu&#8217;\u00e0 800 mm sur demande avec vos plans et vos qualit\u00e9s. Regarnissage de meules et de disques diamant\u00e9s -CBN en tous grains et toutes qualit\u00e9s.<\/p>\n\n\n\n<figure class=\"wp-block-image\"><img decoding=\"async\" src=\"https:\/\/static.xx.fbcdn.net\/rsrc.php\/v3\/y7\/r\/3OfQvJdYD_W.png\" alt=\"\"\/><\/figure>\n\n\n\n<figure class=\"wp-block-image\"><img decoding=\"async\" src=\"https:\/\/static.xx.fbcdn.net\/rsrc.php\/v3\/y7\/r\/3OfQvJdYD_W.png\" alt=\"\"\/><\/figure>\n\n\n\n<p><\/p>\n\n\n\n<figure class=\"wp-block-image\"><img decoding=\"async\" src=\"https:\/\/static.xx.fbcdn.net\/rsrc.php\/v3\/y7\/r\/3OfQvJdYD_W.png\" alt=\"\"\/><\/figure>\n\n\n\n<p><\/p>\n","protected":false},"excerpt":{"rendered":"<p>BeckersTools est une enseigne commerciale de la SA Beckers qui existe depuis 1969 et est active dans les services et l&#8217;outillage pour l&#8217;industrie. Sp\u00e9cialis\u00e9e en produits abrasifs sur tous supports ,de toutes dimensions et qualit\u00e9s : meulage , tron\u00e7onnage , meules de rectifications de la plus petite \u00e0 la plus grande taille et jusqu&#8217;\u00e0 800 &hellip; <\/p>\n<p class=\"link-more\"><a href=\"https:\/\/beckerstools.com\/index.php\/a-propos-de\/\" class=\"more-link\">Continue reading<span class=\"screen-reader-text\"> &#8220;\u00c0 propos de&#8221;<\/span><\/a><\/p>\n","protected":false},"author":1,"featured_media":252,"parent":0,"menu_order":0,"comment_status":"closed","ping_status":"closed","template":"","meta":{"footnotes":""},"class_list":["post-9","page","type-page","status-publish","has-post-thumbnail","hentry"],"_links":{"self":[{"href":"https:\/\/beckerstools.com\/index.php\/wp-json\/wp\/v2\/pages\/9","targetHints":{"allow":["GET"]}}],"collection":[{"href":"https:\/\/beckerstools.com\/index.php\/wp-json\/wp\/v2\/pages"}],"about":[{"href":"https:\/\/beckerstools.com\/index.php\/wp-json\/wp\/v2\/types\/page"}],"author":[{"embeddable":true,"href":"https:\/\/beckerstools.com\/index.php\/wp-json\/wp\/v2\/users\/1"}],"replies":[{"embeddable":true,"href":"https:\/\/beckerstools.com\/index.php\/wp-json\/wp\/v2\/comments?post=9"}],"version-history":[{"count":30,"href":"https:\/\/beckerstools.com\/index.php\/wp-json\/wp\/v2\/pages\/9\/revisions"}],"predecessor-version":[{"id":407,"href":"https:\/\/beckerstools.com\/index.php\/wp-json\/wp\/v2\/pages\/9\/revisions\/407"}],"wp:featuredmedia":[{"embeddable":true,"href":"https:\/\/beckerstools.com\/index.php\/wp-json\/wp\/v2\/media\/252"}],"wp:attachment":[{"href":"https:\/\/beckerstools.com\/index.php\/wp-json\/wp\/v2\/media?parent=9"}],"curies":[{"name":"wp","href":"https:\/\/api.w.org\/{rel}","templated":true}]}}